68 + -94?
-2c61c
In base 7, what is 14314 - 1621262?
-1603645
In base 8, what is 3 + -54366316?
-54366313
In base 12, what is -bb9376 - 2?
-bb9378
In base 12, what is -5 - -15742a7?
15742a2
In base 13, what is 1 - -a4ca3c4?
a4ca3c5
In base 14, what is 2 - 1d7767?
-1d7765
In base 12, what is -128a1b + 0?
-128a1b
In base 7, what is 4 + 302245402?
302245406
In base 11, what is -39 + 3905995?
3905957
In base 3, what is 1201202 + 12120211?
21022120
In base 2, what is -1001001101111011 + -1010?
-1001001110000101
In base 11, what is -69238 - -267?
-68a81
In base 5, what is -1 - 2240411004?
-2240411010
In base 2, what is -100111 - 101100001010101001?
-101100001011010000
In base 12, what is 478b550a + 0?
478b550a
In base 7, what is -11502 - -55122?
43320
In base 14, what is -302 + -c35?
-1137
In base 11, what is -40 + -113834?
-113874
In base 15, what is 534 + 31e0?
3724
In base 12, what is -734 + -29703?
-2a237
In base 2, what is 1110010000 - -10110000110000011010?
10110000111110101010
In base 10, what is 111117 - 81?
111036
In base 15, what is a519 + -58b?
9e7d
In base 10, what is -1 + 57186446?
57186445
In base 7, what is -41 - 453105?
-453146
In base 13, what is -1ab287605 - -4?
-1ab287601
In base 15, what is -12e7e4 + -8?
-12e7ec
In base 7, what is 22651320 - -16?
22651336
In base 6, what is -1 + 114222022?
114222021
In base 5, what is 131144 - 24321?
101323
In base 15, what is -47078a - -2?
-470788
In base 5, what is -31020031 + 44?
-31014432
In base 13, what is -11012 + c60?
-10082
In base 4, what is 1033130203101 + 2?
1033130203103
In base 10, what is 40338 + -6181?
34157
In base 8, what is -222424 + 4576?
-215626
In base 2, what is 101 + -110101001111001110111000?
-110101001111001110110011
In base 16, what is -92 - -23ebc?
23e2a
In base 14, what is -35d7c + -2992?
-38930
In base 3, what is -10011000100012 + -10222?
-10011000111011
In base 5, what is -113244003401 - -10?
-113244003341
In base 11, what is -13 + -31838806?
-31838819
In base 7, what is 1 - 1156544556?
-1156544555
In base 15, what is 1 + 2576ba2?
2576ba3
In base 16, what is 5 + -602d5aa?
-602d5a5
In base 9, what is -2463 + 12038?
8465
In base 15, what is -914a62 - -76?
-9149db
In base 4, what is 11 - 3132230312?
-3132230301
In base 4, what is -1100 - 23231100120?
-23231101220
In base 3, what is -20102010202120 - -2011?
-20102010200102
In base 11, what is 14 - -504943?
504957
In base 6, what is -5 - 5405251?
-5405300
In base 9, what is -64 - 5332854?
-5333028
In base 12, what is 2 + 788bb4b5?
788bb4b7
In base 13, what is -39 + -63a3c?
-63a78
In base 3, what is -2 + -1020201112211102?
-1020201112211111
In base 5, what is -321441002103 + 4?
-321441002044
In base 14, what is -7 - -4105289?
4105282
In base 11, what is 6217609 + 3?
6217611
In base 6, what is 1053104131 + -2?
1053104125
In base 11, what is -101 - 18a729?
-18a82a
In base 7, what is 13 + -123061?
-123045
In base 6, what is -211353121552 + -4?
-211353122000
In base 16, what is -2 - -4c050ff?
4c050fd
In base 5, what is -10 + -44041134440?
-44041140000
In base 10, what is -1832766 + 224?
-1832542
In base 5, what is -1304032213 + -212?
-1304032430
In base 4, what is -1012 + -31232203?
-31233221
In base 13, what is 2 - 115a633?
-115a631
In base 2, what is -11100000111010100101 - 1101?
-11100000111010110010
In base 11, what is 122373 + 287?
12264a
In base 16, what is -13df - 54f8?
-68d7
In base 3, what is -2100021 + -2100211012?
-2110011110
In base 5, what is -400410140 - 4?
-400410144
In base 8, what is -5 + -424034002?
-424034007
In base 12, what is -5121 - 28825?
-31946
In base 3, what is 101111022022121 + 0?
101111022022121
In base 16, what is -2 - -f0648f6?
f0648f4
In base 14, what is -70016a3 - 0?
-70016a3
In base 7, what is 45 + 2203321?
2203366
In base 11, what is 16a5967 + -20?
16a5947
In base 13, what is 472cc + -5c?
47270
In base 6, what is 32023 + 422453?
454520
In base 15, what is -373cc + 2a?
-373a2
In base 9, what is 1110 + -1481107?
-1478887
In base 3, what is 2 - -11112001022110?
11112001022112
In base 11, what is -1 - 36a8301?
-36a8302
In base 11, what is -24958476 - -2?
-24958474
In base 4, what is -1 - 1200331301?
-1200331302
In base 13, what is -60 + -8a821c?
-8a827c
In base 10, what is -5 - -10780659?
10780654
In base 4, what is -102232233 + -10003?
-102302302
In base 2, what is -10001110111101110010 - -10010?
-10001110111101100000
In base 16, what is 30f - -16ae?
19bd
In base 9, what is -4 - 32743617?
-32743622
In base 3, what is -1020 + 110002221221?
110002220201
In base 16, what is 713d - 402?
6d3b
In base 4, what is -2003313221 - -13121?
-2003300100
In base 11, what is 12479502 - -3?
12479505
In base 11, what is -668 + 199850?
199193
In base 16, what is -c + 2fdb02?
2fdaf6
In base 13, what is 43c - 4879?
-443a
In base 7, what is 54 + 11620105?
11620162
In base 3, what is 20222210201201 - 1220?
20222210122211
In base 16, what is 0 - -a018968?
a018968
In base 16, what is 3381 - b00?
2881
In base 14, what is -1c389c + -5?
-1c38a3
In base 6, what is -3233321345 - 1?
-3233321350
In base 4, what is 11 - -332101011330?
332101012001
In base 3, what is 20121201111102 + 22201?
20121201211010
In base 2, what is 1011101110010101 + 10110101?
1011110001001010
In base 8, what is -114 - -10571266?
10571152
In base 8, what is 3141 - 1265717?
-1262556
In base 14, what is -194a + 518?
-1432
In base 6, what is -1342135 - -22153?
-1315542
In base 4, what is -20113 + 1030102320?
1030022201
In base 11, what is 4 + -28641?
-28638
In base 14, what is b3c + a68?
17a6
In base 15, what is -5 + 186cca0?
186cc9a
In base 16, what is 1895c9 + -3?
1895c6
In base 11, what is -15a501 - 15?
-15a516
In base 10, what is -2903 - -71542?
68639
In base 7, what is -233153 - -1255?
-231565
In base 3, what is 11 - 1000222212000101121?
-1000222212000101110
In base 9, what is 7 - 642862?
-642854
In base 9, what is -110678118 - -4?
-110678114
In base 15, what is -2 - -199441?
19943e
In base 3, what is -101 + -1100100022210?
-1100100100011
In base 13, what is 10 - 194147?
-194137
In base 4, what is 211320 - 120220331?
-120003011
In base 6, what is 444203330 - 3?
444203323
In base 10, what is 244 + 18912?
19156
In base 11, what is -877110 + -14?
-877124
In base 4, what is 33213 - 13120133?
-13020320
In base 2, what is 11000000111101000 + 110100111001?
11000111100100001
In base 16, what is -3 - 3920c8?
-3920cb
In base 7, what is 242550344 + -4?
242550340
In base 8, what is 353 - -217425?
220000
In base 2, what is 1100011101111 + -100001010?
1011111100101
In base 3, what is -1121100112 + -111222021?
-2010022210
In base 3, what is -100202 + 110202110112?
110202002210
In base 15, what is 3 - -4ac525?
4ac528
In base 11, what is 5 - 54065?
-54060
In base 10, what is 13299 - -1693?
14992
In base 10, what is 8 + 6048111?
6048119
In base 16, what is 2f1a5c + -4?
2f1a58
In base 7, what is 53522435 + 1?
53522436
In base 15, what is -46475 - -34?
-46441
In base 13, what is -2 + 3c93832?
3c93830
In base 11, what is -11a - 168658?
-168777
In base 10, what is 725 - -2239?
2964
In base 2, what is 101101110110101010100 - -111?
101101110110101011011
In base 7, what is -26404 + 212622?
153215
In base 7, what is -25153 - 5534?
-34020
In base 8, what is 5 - -1562166772?
1562166777
In base 14, what is -788133 + 4?
-78812d
In base 3, what is -21002 + 12012201002?
12012110000
In base 16, what is b94 + 7cb?
135f
In base 12, what is 1889 - 110692?
-10aa05
In base 15, what is -3e38db - -4?
-3e38d7
In base 13, what is -2 + -6a12396?
-6a12398
In base 14, what is 7b1 + 43131?
43902
In base 11, what is -4 + 14164886?
14164882
In base 12, what is 2 + -1aaa4aa6?
-1aaa4aa4
In base 4, what is 32110 + 223230?
322000
In base 3, what is 11102 + -11000001201200?
-11000001120021
In base 8, what is -206 - 1145173?
-1145401
In base 16, what is -1c5a85 + -10?
-1c5a95
In base 16, what is 186d69b - a?
186d691
In base 12, what is -7 - -38ba237?
38ba230
In base 12, what is -634449a5 - 2?
-634449a7
In base 14, what is -25 - -c2a56?
c2a31
In base 8, what is 1 + -1501657?
-1501656
In base 7, what is 1660134 - -16?
1660153
In base 7, what is -203 - -1105022?
1104516
In base 6, what is -224 - 2230005?
-2230233
In base 4, what is -32233213132 - -101?
-32233213031
In base 11, what is -8 - 344a3048?
-